g - 2*l - 6. Suppose 0 = -3*r + g*v - 6 + 18, 2*v - 7 = -3*r. What are the prime factors of 38 + 7 + -4 + r?
2, 11
Let u be (5/(-2))/((-17)/34). Suppose 456 = p + u*p. What are the prime factors of p?
2, 19
Suppose -4 = -5*y + 21. Suppose 3*j + 4*c - y*c - 510 = 0, 3*c = j - 170. List the prime factors of j.
2, 5, 17
Let s = -303 - -659. What are the prime factors of s?
2, 89
Suppose 2*k - 5*s = -0*s + 21, 5*k + 3*s = 6. Suppose p + 26 = k*b - 47, 5*b + 4*p = 99. List the prime factors of b.
23
Let l = -30 - -35. Suppose -2*k - l*d + 256 = -2*d, 2*k + 2*d = 258. List the prime factors of k.
131
Let z be 45 + 3 + -3 + -3. Let l = 204 - z. What are the prime factors of l?
2, 3
Let s = 29 - 29. Suppose s = 2*x + 2 - 8. What are the prime factors of (-9)/(-27) + 59/x?
2, 5
Let w be (0 + -2)*34/(-4). Suppose -n = 4*o + w + 1, 0 = o - 1. What are the prime factors of -2 + 5 + 0 - n?
5
Suppose -a - 5*p = -328, 0*a + 2*p - 328 = -a. Let r = a + -187. List the prime factors of r.
3, 47
Let i(b) = 2*b - 2. Let s be i(3). Suppose -o - 5 = 2*a + 3, -s*a + 16 = 0. Let v = o + 38. List the prime factors of v.
2, 11
Let t(k) = 2*k - 3. Let r be t(5). Let d be 2/((28/8)/r). List the prime factors of (d + -3)/((-1)/(-17)).
17
Let l = -134 + 88. Let i = -17 - l. Let z = i + -18. List the prime factors of z.
11
Let a(i) = -754*i - 124. List the prime factors of a(-2).
2, 173
Let u be 158/18 - 4/(-18). Let n be (-615)/10*6/u. Let z = n + 87. List the prime factors of z.
2, 23
Let q(l) = -31*l + 35. Let j be q(-3). Let o = -1 + 1. Suppose o = -5*t + 2*s + j, -s = 5*t - 5*s - 136. What are the prime factors of t?
2, 3
Let k = 5974 + -3962. List the prime factors of k.
2, 503
List the prime factors of 48/72 + ((-6322)/(-3) - 3).
5, 421
Let b(h) = -h**3 + 7*h**2 - 4*h + 4. Let c be b(6). Let p = c + -11. Suppose -s + p*s - 48 = 0. What are the prime factors of s?
2, 3
What are the prime factors of 26/((-6)/63*-3)?
7, 13
Let t = -106 - -593. Suppose -7*b + t = -206. List the prime factors of b.
3, 11
Let u = 743 + 4227. What are the prime factors of u?
2, 5, 7, 71
Suppose 0*p = -p - 6. Let t = 8 + p. Suppose -n + 5*b + 27 = 0, 2*n - t*b - 250 = -3*n. List the prime factors of n.
2, 13
Let c = -26 + 88. What are the prime factors of c/4*24*(-6)/(-18)?
2, 31
Let f be (-27)/(-3)*(-2)/(-2). Let z be 42*(3 - 24/9). Let y = z - f. What are the prime factors of y?
5
Let j be ((-20)/3)/(14/42). Let r = 26 + j. What are the prime factors of r?
2, 3
Let r be ((-2499)/(-6) - -3)/(2/4). Suppose -6*u + 223 = -r. List the prime factors of u.
3, 59
Let q(u) = 106*u + 41. What are the prime factors of q(3)?
359
Let s = 19 - 0. Let y be 2 + 2 + 1 + -2. Let d = s + y. What are the prime factors of d?
2, 11
Let w = 72 + -74. List the prime factors of (19 - -33) + (w - -6).
2, 7
Let a(f) = 6*f**3 + 2*f**2 + 4*f - 9. What are the prime factors of a(5)?
811
Let a = -7081 - -10057. List the prime factors of a.
2, 3, 31
Suppose -10*k - 19*k = -9570. What are the prime factors of k?
2, 3, 5, 11
Let d = 261 - 75. Suppose -2*c + 3*t + 94 = t, -d = -4*c + 5*t. List the prime factors of c.
7
What are the prime factors of (-3 + 1 - -5)/(3/799)?
17, 47
Let z be 1316/(-22) - 4/22. Let x be (-9)/(-6)*z/(-9). Suppose -3*q = 3*a - 99, 0 = a - q - x - 33. List the prime factors of a.
2, 19
Let k be ((-13)/(-3))/(6/36). Suppose 0 = -j + 3*o - 2*o - 7, -18 = 2*j + 2*o. Let r = k + j. What are the prime factors of r?
2, 3
What are the prime factors of (-1)/(-3)*50*(5 - -16)?
2, 5, 7
What are the prime factors of 504/1260 - (1 + 15603/(-5))?
2, 3, 5, 13
Suppose 3 = 3*n - 15. Suppose 2*c - 4 = n. Suppose 127 = c*a + 22. List the prime factors of a.
3, 7
Suppose -4*r = 3*x - 3, -x - 10 = -3*x. Let y(t) = -5*t. Let b(f) = -21*f + 1. Let g(u) = -2*b(u) + 9*y(u). What are the prime factors of g(r)?
7
Let n = 1660 - 855. What are the prime factors of n?
5, 7, 23
Suppose 509 = -3*o - 469. Let n = o + 567. List the prime factors of n.
241
What are the prime factors of ((-8897)/14)/(2/(-12))?
3, 31, 41
Suppose g + 5 = 44. Suppose 4*x + 27 = 3*x - 2*h, 3*h - 99 = 3*x. Let z = x + g. What are the prime factors of z?
2
Let a(t) = 4*t + 6. Let c be a(-10). Let u = 73 + c. What are the prime factors of u?
3, 13
Suppose 48 = 4*p + t, 3 = -p - 7*t + 3*t. Suppose 4*y = 439 + p. List the prime factors of y.
113
Let q be 418 + (3 - 3 - -3) - -3. Suppose -19*c = -15*c - q. List the prime factors of c.
2, 53
Suppose 0 = 117*l - 122*l + 2*o + 3064, 4*l - 3*o = 2447. What are the prime factors of l?
2, 307
Let b = -19 + 2476. What are the prime factors of b?
3, 7, 13
Let m(y) = -y**2 - 3*y - 4. Let d be -1*5/(10/12). Let v be m(d). Let r = -11 - v. What are the prime factors of r?
11
Let h = 1831 + -952. What are the prime factors of h?
3, 293
Let g be ((-3)/2)/(39/260). Let s = g + 10. Suppose s*t + 20 = 2*t. List the prime factors of t.
2, 5
Suppose -42*n = 9749 - 63173. List the prime factors of n.
2, 3, 53
Suppose -2*g - 10 = -4*g, -4*g - 66 = -2*c. Suppose -2*u = 77 - 199. Let b = u - c. List the prime factors of b.
2, 3
Let b = -30 - -57. Let h = b + -24. List the prime factors of h.
3
Let f = 7 + -77. Let s = f - -166. What are the prime factors of s?
2, 3
Suppose -l = 2*p + 1, -3*p = 5*l + 2*p. What are the prime factors of (-2856)/(-105)*(4 - l - -2)?
2, 17
Let i(o) = -o**2 + o + 3*o**2 + 0*o**2. Let a be i(1). Suppose a*z - 2*k + 0*k - 65 = 0, 4*z + 5*k = 102. What are the prime factors of z?
23
Let t be -4*(-2)/(-4)*-8. Let g = t - -8. What are the prime factors of g?
2, 3
Let i(r) = 52*r**2 + 10*r + 20. List the prime factors of i(5).
2, 5, 137
Let l = 12 - 9. Suppose -2*a + 2*n = -358, -l*a = a + 4*n - 684. What are the prime factors of a?
5, 7
Suppose 4*u + 28 = 4*b, 4*b - 5*u - 23 = 5. Suppose b*n - 3*n + 4*w = 216, 9 = -3*w. Let h = 95 - n. What are the prime factors of h?
2, 19
Let a(o) = 71*o - 3. Let t be 0*2/(-4) - (5 - 6). What are the prime factors of a(t)?
2, 17
Suppose -2*j - 11*j + 3458 = 0. List the prime factors of j.
2, 7, 19
Suppose 15*q = -2*q + 1768. List the prime factors of q.
2, 13
What are the prime factors of ((-30)/25)/((-69489)/13895 + 5)?
3, 397
Suppose -13*j - 13185 = -36546. What are the prime factors of j?
3, 599
Let w(i) = -i**3 + i + 30. Let p = 23 + -23. What are the prime factors of w(p)?
2, 3, 5
Let q = -677 - -1078. Suppose q = 3*m - m + 3*s, -5*m = s - 1035. List the prime factors of m.
2, 13
What are the prime factors of 549 - ((-11)/(-1) + -5)?
3, 181
List the prime factors of -2 + 1 - -2*9/6.
2
Let a(u) = -5*u - 8. Let v be a(-2). Suppose -t - 3*t = v*d - 324, 3*t - 4*d = 265. What are the prime factors of t?
83
Suppose -10 = l - 384. List the prime factors of l.
2, 11, 17
Let c be 286/(-12) - -2*(-1)/12. Let n = 42 + c. What are the prime factors of n?
2, 3
Let a be (-6)/(531/(-174) - -3). Suppose -2*v - 8 = -a. What are the prime factors of v?
2, 3
Let r(f) = -f + 3 - 8*f - 6. Let k be r(-2). List the prime factors of (-1)/(k/(-7) + 2).
7
Suppose -b + 2*b + 3 = 0. Let d be -2 - (-3)/(b/(-47)). Suppose 6 = -3*q + d. What are the prime factors of q?
13
Suppose z - 6 = -0. List the prime factors of (9/z)/((-18)/(-768)).
2
Let q(y) = -52*y**3 + y**2 + 2*y - 3. What are the prime factors of q(-3)?
2, 3, 13
Let h(g) = 455*g + 608. What are the prime factors of h(7)?
3793
Let o = 9 - 6. Suppose o*t + 3*u - 213 = 0, u + 0*u = -3. What are the prime factors of t?
2, 37
Let a(k) = -237*k**3 + 2*k**2 + 2*k + 1. Let t be a(-1). Suppose -4*q + 130 = -t. What are the prime factors of q?
2, 23
Suppose 5*s + 17896 = 13*s. What are the prime factors of s?
2237
Let m = -483 + 766. What are the prime factors of m?
283
Let z(d) = 22*d**2 + 42*d + 7. List the prime factors of z(-6).
547
Let u(m) = m**3 - 47*m**2 - 230*m - 179. What are the prime factors of u(53)?
3, 5, 13, 23
Let q(p) = 56*p**2 + p - 1. Let h be q(1). Suppose -2*u + s - 6 = 10, 4*s = -4*u - 8. Let w = u + h. What are the prime factors of w?
2, 5
Let n = -20 + 12. Let c be n/6*(-12 + 0). Suppose -2*y + c = -18. What are the prime factors of y?
17
Let m be 1*((-1)/(-4) + 15/20). List the prime factors of 1/m*1 - -167.
2, 3, 7
Let b(q) = 13*q**3 + q**2 - q + 1. Let n be b(1). List the prime factors of (-21 + -1)*(-35)/n.
5, 11
L